{"id":53,"date":"2017-06-29T17:30:45","date_gmt":"2017-06-29T15:30:45","guid":{"rendered":"http:\/\/web6456.websrv1.lcube-server.de\/koenigsworth\/?page_id=53"},"modified":"2025-07-20T13:06:20","modified_gmt":"2025-07-20T11:06:20","slug":"kontakte","status":"publish","type":"page","link":"https:\/\/www.steintormasch.de\/koenigsworth\/kontakte\/","title":{"rendered":"Kontakte"},"content":{"rendered":"\n<h2 class=\"wp-block-heading\">Vergn\u00fcgungsausschu\u00df<\/h2>\n\n\n\n<p>Petra Treller<br>In den K\u00e4mpen 112<\/p>\n\n\n\n<p>Carsten Ludewig<br>Helenensteg 161<\/p>\n\n\n\n<p>G\u00fcnter Collatz<br><\/p>\n\n\n\n<hr class=\"wp-block-separator has-alpha-channel-opacity\" \/>\n\n\n\n<h2 class=\"wp-block-heading\">Wegewarte<\/h2>\n\n\n\n<p>Holger W\u00f6mpener<br>Apfelallee 85<\/p>\n\n\n\n<p>Tanja Ludewig<br>Helenensteg 161<br><\/p>\n\n\n\n<p>Roland Gottschalk<br>Apfelallee 14<\/p>\n\n\n\n<p>Petra Treller<br>In den K\u00e4mpen 112<\/p>\n\n\n\n<p>Martin Kutscher<br>Apfelallee 70<\/p>\n","protected":false},"excerpt":{"rendered":"<p>Vergn\u00fcgungsausschu\u00df Petra TrellerIn den K\u00e4mpen 112 Carsten LudewigHelenensteg 161 G\u00fcnter Collatz Wegewarte Holger W\u00f6mpenerApfelallee 85 Tanja LudewigHelenensteg 161 Roland GottschalkApfelallee 14 Petra TrellerIn den K\u00e4mpen 112 Martin KutscherApfelallee 70<\/p>\n","protected":false},"author":2,"featured_media":0,"parent":0,"menu_order":0,"comment_status":"closed","ping_status":"closed","template":"","meta":{"_mc_calendar":[],"footnotes":""},"class_list":["post-53","page","type-page","status-publish","hentry"],"_links":{"self":[{"href":"https:\/\/www.steintormasch.de\/koenigsworth\/wp-json\/wp\/v2\/pages\/53","targetHints":{"allow":["GET"]}}],"collection":[{"href":"https:\/\/www.steintormasch.de\/koenigsworth\/wp-json\/wp\/v2\/pages"}],"about":[{"href":"https:\/\/www.steintormasch.de\/koenigsworth\/wp-json\/wp\/v2\/types\/page"}],"author":[{"embeddable":true,"href":"https:\/\/www.steintormasch.de\/koenigsworth\/wp-json\/wp\/v2\/users\/2"}],"replies":[{"embeddable":true,"href":"https:\/\/www.steintormasch.de\/koenigsworth\/wp-json\/wp\/v2\/comments?post=53"}],"version-history":[{"count":18,"href":"https:\/\/www.steintormasch.de\/koenigsworth\/wp-json\/wp\/v2\/pages\/53\/revisions"}],"predecessor-version":[{"id":321,"href":"https:\/\/www.steintormasch.de\/koenigsworth\/wp-json\/wp\/v2\/pages\/53\/revisions\/321"}],"wp:attachment":[{"href":"https:\/\/www.steintormasch.de\/koenigsworth\/wp-json\/wp\/v2\/media?parent=53"}],"curies":[{"name":"wp","href":"https:\/\/api.w.org\/{rel}","templated":true}]}}